 be -1 - (-2)/(g/(-110)). Let j = d - -205. Is j prime?
True
Let w = 482 - 203. Let v = w - 120. Is v composite?
True
Suppose 0 = -2*v - 2*v + 16. Is (2/v)/((-9)/(-2394)) prime?
False
Suppose -6*f - 1494 = -8*f. Let i = f + -346. Is i a prime number?
True
Suppose 0 = 5*t + k + 24, 3*t = 5*t - 5*k - 12. Let x be 3 - (2166*-8)/t. Is (-2)/11 + x/(-33) composite?
False
Let i be (2/(-4))/((-1)/(-6)). Is i + (82 - (-1 - -1)) a composite number?
False
Suppose 2*b + 3*l = -5, -2*b + l = -0*b - 15. Suppose -b*c + 6 = -9. Suppose -c*v + 68 = 4*n - 163, -v + n = -77. Is v a prime number?
False
Let h = -5 + 9. Suppose -h = 4*n - 2*n. Is ((-116)/(-16))/(n/(-16)) a prime number?
False
Suppose -3*i - 1 + 14 = -2*c, -5*c = i + 7. Suppose 225 = 3*b + 2*w, w - 2*w - i = 0. Is b a prime number?
False
Let o = -2632 + 4493. Is o prime?
True
Let r = 677 + 167. Suppose r = -9*x + 13*x. Is x a prime number?
True
Let i(t) = 7*t**2 - 11*t + 5. Let z be i(6). Let a = 412 - z. Is a composite?
True
Let t(x) = -x**2 + 5*x - 2. Let c be t(3). Suppose 46 = 2*w - 4*d, -c*w - 2*d + 85 = -w. Let p = 176 + w. Is p a composite number?
True
Let d(f) = 41*f - 65 + 112*f - 94*f. Is d(21) composite?
True
Let f = 5 + -14. Let y be (-136)/(-36) + (-2)/f. Is 2 - -1 - (-296)/y prime?
False
Let r(m) = -42*m + 13. Let c(l) = 2*l**3 - 6*l**2 - 4*l + 5. Let w be c(3). Is r(w) composite?
False
Let k(b) be the first derivative of -1/2*b**2 - 6 + 5/4*b**4 - 3*b + 2*b**3. Is k(4) a composite number?
False
Suppose -12166 = -3*z + 3749. Is z a prime number?
False
Let x be 1*(4 - 3) - -187. Let i = 15 + x. Is i a prime number?
False
Let k(t) = 41*t + 83. Let p be k(-9). Suppose 208 = 2*m - 1258. Let z = m + p. Is z composite?
True
Let p be -298*(-3)/(-2 + 8). Let s = 256 - p. Suppose 0 = -b + s + 24. Is b prime?
True
Let m(u) = 2*u + 7*u**3 - u**2 - 8*u**3 - 4 - u**2 + 22*u**3. Is m(3) a prime number?
False
Let a = 9 - -63. Let v be ((-2)/6)/((-6)/a). Suppose -3*b + 364 = 4*l + b, 5*b = -v*l + 364. Is l a prime number?
False
Let v = -198 + 311. Suppose -4*n + v = 3*a + n, 3*n - 123 = -3*a. Is a a prime number?
False
Suppose -8607 = -v + 2*u, 3*u - 8612 = 19*v - 20*v. Is v composite?
False
Let s = 8 + -6. Suppose -5*i + s*q + 872 = -91, -378 = -2*i - q. Is i a composite number?
False
Let r be -1*(2 + -3 + -1). Suppose -r*l = 5*c - 21, 4*l - 9 = -3*c + 4*c. Suppose -l*o + 502 = -o. Is o composite?
False
Suppose q + 2*q = -r + 11, -5*q - 3*r + 17 = 0. Let h(t) = t**2 - 7*t + 3. Let f be h(q). Is (-4223)/f - (-4)/(-18) a composite number?
True
Let w = 1295 - -242. Is w prime?
False
Suppose 4*f - 2*f + 1469 = w, 2*w - 2*f = 2938. Is w a composite number?
True
Let x = 7527 - -7696. Is x a composite number?
True
Suppose f - 9 = 13. Let w(v) = 2*v**3 + v**3 - v**3 - v**3 - 12*v - f - 14*v**2. Is w(15) prime?
True
Let d be (-4)/1 - (-3 - 21). Suppose -4*x + d = -8*x. Is (-3)/(((-15)/(-237))/x) a composite number?
True
Let l be (-2)/(3 - (-28)/(-8)). Suppose 0 = l*f - 4*p + 8*p - 11112, -3*f = -2*p - 8339. Suppose -5*w + f - 435 = -3*u, -3*w + 1416 = -5*u. Is w composite?
False
Let m(t) = t**2 + 2*t + 187. Let h be (-2)/(-7) + (-28)/98. Is m(h) prime?
False
Suppose -8*c = -7*c - 2998. Suppose 0 = -3*v - 2*f - 2*f + c, f - 4019 = -4*v. Is v a prime number?
False
Let t(p) = p + 1. Let a be (70/4)/5*4. Let y be t(a). Suppose 0 = -0*l - 3*l + y, 3*q = l + 358. Is q prime?
False
Suppose -3*j + 68 + 22 = 0. Let u = j - -768. Suppose 4*i = -5*m + 3981, i - 2*i - u = -m. Is m composite?
False
Suppose 2*h + 2*n - 1010 = 0, 0 = h + 3*n - 289 - 208. Suppose -g + h - 128 = 0. Is g a composite number?
True
Let c = 2 - 3. Let l(v) = 2840*v**2 - 3*v - 4. Is l(c) prime?
False
Suppose -231*l - 12661 = -232*l. Is l a prime number?
False
Let g(f) = -24*f**3 - f**2 + 2*f + 3. Suppose -4 - 4 = 4*r. Is g(r) composite?
True
Let k(o) = -o - 10. Let u be k(-14). Suppose -t + m + u*m + 13 = 0, 5*t - m - 17 = 0. Suppose 641 = -0*a + t*a + 2*l, l + 418 = 2*a. Is a composite?
False
Let a(z) = 1185*z - 353. Is a(2) a composite number?
False
Suppose -6*w - 5*w - 3993 = 0. Let q = w - -700. Is q a composite number?
False
Suppose -10 = -10*d + 5*d. Suppose -d*b - 487 = -8373. Is b a composite number?
False
Suppose -5*w + 4*i = -20, i - 3 - 1 = -w. Suppose -w*m + 0*m = -1196. Is m composite?
True
Suppose -9 + 6 = -x. Suppose -5*g + 2*w = -2*w - 31, -x*g = 4*w + 7. Suppose -h - 62 = -g*h. Is h composite?
False
Is (1115541/(-42))/((-3)/2) a prime number?
True
Let r = 74205 - 40152. Is r a composite number?
True
Is 3*2812 - 4*(-20)/16 a prime number?
False
Suppose -1521 = -6*y + 1131. Let x = y - -37. Is x composite?
False
Let r(u) = -u**2 - 6*u - 5. Let w be r(-4). Let s(k) = 4*k**2 - 46*k - 2 + 27*k + 20*k. Is s(w) a prime number?
True
Let s = 189 - -206. Is s composite?
True
Let l = -10715 - -41494. Is l prime?
False
Suppose 2*l - 6*l - 5*g + 15148 = 0, g = 3*l - 11361. Is l prime?
False
Let g = 8331 + -4004. Is g composite?
False
Let l be 2910/105 - (-4)/14. Let o = l + 51. Is o composite?
False
Let g = 9 + -2. Let m = g + -7. Suppose m*q = 3*q - 333. Is q a composite number?
True
Let v = 4299 - 12486. Let t = v - -13124. Is t prime?
True
Suppose 0 = 4*b + 3*x - 39 + 871, 3*x = 3*b + 603. Let j = b + 336. Is j a composite number?
False
Let o(z) = z + 1. Let k(d) = -15*d - 35. Let f(l) = -k(l) - 6*o(l). Is f(25) composite?
True
Suppose 0 = 8*l - 6*l - 42016. Suppose 0 = -5*i + v + l, 2*i - v - 8399 = -2*v. Is i composite?
False
Suppose 33*l - 26*l - 138607 = 0. Is l a composite number?
False
Suppose 0 = 3*h - 2*h + 200. Let d = h - -517. Is d prime?
True
Suppose -19*f = -17*f + 5*k - 37691, 4*f - 75343 = 3*k. Is f composite?
True
Let n(s) = -4*s**3 + 20*s**2 - 58*s + 2. Is n(-18) a prime number?
False
Let u be 1 - 3 - (10 - 266). Let s = 45 + u. Is s prime?
False
Let p(w) = 56*w + 43. Let b be 1/2 + (-357)/(-14). Is p(b) a composite number?
False
Let r(q) = -3*q**3 - 5*q**2 + 21*q + 1. Let z be r(-9). Let p = 459 + z. Is p composite?
False
Let a(m) = -m**3 - 7*m**2 - 8*m - 9. Let i be a(-6). Suppose c = -i*c + 4. Is 0 - c*37/(-1) prime?
True
Let q = 220 - -88. Let l = q - 181. Is l a prime number?
True
Let j(s) = -5*s - 27. Let m be j(-6). Suppose 3*f = 5*g + 36, 0*g - 2*f + m = -g. Is (-1355)/(-2) - g/(-18) a composite number?
False
Let m be ((-3)/(-2))/(1/10). Suppose 0*a = -a + m. Is a composite?
True
Is ((-2)/(-6))/((-130832)/(-43608) - 3) composite?
True
Let v(h) = h**3 + 9*h**2 - 7*h - 27. Let k be v(-9). Suppose 2*o + 2*o = 12. Suppose k = 2*i - o*f + f, -4*i - 3*f + 93 = 0. Is i composite?
True
Let z(l) = 4*l**3 - 2*l - 1. Let t be z(-3). Let a = t - -375. Suppose 35 = -3*h + a. Is h prime?
True
Let o(z) = -5*z**2 + 6*z**2 - 4 + z**2 - 2*z + 3*z**2. Is o(3) a composite number?
True
Suppose 39721 + 3341 = 6*s. Is s a prime number?
True
Is (-8058 - -5)/(1 - 6/3) composite?
False
Let c(z) = -184*z**2 - 7*z - 9. Let u be c(-3). Let a = 2687 + u. Is a a composite number?
True
Let y = 23 + -16. Suppose -r + y = -4. Suppose -2*p - 171 = -5*c, 4*c - 4*p - r - 121 = 0. Is c composite?
True
Let g(f) = f**3 + 2*f**2 + 2. Let d be g(0). Is 11640/21 + ((-36)/(-21) - d) a prime number?
False
Suppose 22*k + 53859 = 27*k - 4*z, -z - 1 = 0. Is k composite?
False
Let y be 30/9 - (-2)/(-6). Suppose -3*m = y*a - 15, -3 = 3*m - 0*a - 3*a. Suppose 0 = -m*v + 132 + 122. Is v a composite number?
False
Let c(p) = 16522*p + 97. Is c(3) composite?
False
Is (-175611)/(-7) - (-4)/(-14) composite?
False
Let u be (-23)/69*(-14 - 1). Suppose u*c - 3*c = 78. Is c composite?
True
Suppose 16*o - 296 = 9160. Is o composite?
True
Let h(u) = 24986*u**3 + 5*u**2 - 14*u + 10. Is h(1) prime?
False
Is (-2117295)/18*(2 + (-72)/30) prime?
True
Suppose 0 = -5*y + 4*r + 6, 4*y - 2*y + 3*r = 7. Suppose 7102 = 2*w - 2*s, -7102 = -y*w - 6*s + 4*s. Is w composite?
True
Let r(k) = 3*k**2 - 11*k + 18. Let f be r(9). Suppose -3*l + f = 51. Is l a composite number?
False
Let x(z) = 45*z - 7. Let s be 10 + (-10 - -5) + 1. Is x(s) a prime number?
True
Let m = -2488 - -4380. Let d = 3897 - m. Is d a prime number?
False
Let a be (-58)/12*-2*-63. Suppose 4*r - 3*m + 1328 = 0, -3*r - 15*m = -14*m + 996. Let t = r - a. Is t composite?
False
Let y = -190 + 302. Suppose 783 - y = b. Is b a 